{"id":168,"date":"2016-05-08T13:06:55","date_gmt":"2016-05-08T13:06:55","guid":{"rendered":"https:\/\/oceanwp.org\/gym\/?page_id=168"},"modified":"2025-08-06T08:57:15","modified_gmt":"2025-08-06T06:57:15","slug":"calendrier","status":"publish","type":"page","link":"https:\/\/attstantoine.fr\/index.php\/calendrier\/","title":{"rendered":"Le calendrier 2025 \/ 2026"},"content":{"rendered":"\t\t<div data-elementor-type=\"wp-post\" data-elementor-id=\"168\" class=\"elementor elementor-168\">\n\t\t\t\t<div class=\"elementor-element elementor-element-7f7e7d8 e-flex e-con-boxed e-con e-parent\" data-id=\"7f7e7d8\" data-element_type=\"container\" data-e-type=\"container\">\n\t\t\t\t\t<div class=\"e-con-inner\">\n\t\t\t\t<div class=\"elementor-element elementor-element-aa8117c elementor-widget elementor-widget-text-editor\" data-id=\"aa8117c\" data-element_type=\"widget\" data-e-type=\"widget\" data-widget_type=\"text-editor.default\">\n\t\t\t\t\t\t\t\t\t<h1>Tournois<\/h1>\n<h2>Tournois de l\u2019ATT<\/h2>\n<p>Tournoi r\u00e9serv\u00e9 aux non licenci\u00e9.e.s. RDV le 30 ao\u00fbt au stade Jean Pinot de Saint-Antoine-du-Rocher.<\/p>\n<h1>Championnats d\u00e9partementaux<\/h1>\n<p>Vous pouvez t\u00e9l\u00e9charger le calendrier complet en cliquant sur<span>&nbsp;<\/span><a href=\"http:\/\/decugis.fr\/wp-content\/uploads\/2025\/07\/Calendrier-2025-2026-2025-06-19.pdf\">ce lien<\/a>, le calendrier de la&nbsp;<a href=\"http:\/\/attstantoine.fr\/wp-content\/uploads\/2025\/08\/Calendrier-2025-2026-Phase-1.pdf\" target=\"_blank\">Phase 1<\/a>&nbsp;seulement, ou celui de la&nbsp;<a href=\"http:\/\/attstantoine.fr\/wp-content\/uploads\/2025\/08\/Calendrier-2025-2026-Phase-2.pdf\" target=\"_blank\">Phase 2<\/a>.<\/p>\n<h2>Phase 1<\/h2>\n<p>Les journ\u00e9es de championnats d\u00e9partementaux de la phase 1 se d\u00e9rouleront les :<\/p>\n<ul>\n<li>vendredi 26\/09\/2025<\/li>\n<li>vendredi 10\/10\/2025<\/li>\n<li>vendredi 07\/11\/2025<\/li>\n<li>vendredi 14\/11\/2025<\/li>\n<li>vendredi 28\/11\/2025<\/li>\n<li>vendredi 12\/12\/2026<\/li>\n<li>vendredi 09\/01\/2026<\/li>\n<\/ul>\n<h2>Phase 2<\/h2>\n<p>Les journ\u00e9es de championnats d\u00e9partementaux de la phase 2 se d\u00e9rouleront les :<\/p>\n<ul>\n<li>vendredi 06\/02\/2026<\/li>\n<li>vendredi 06\/03\/2026<\/li>\n<li>vendredi 20\/03\/2026<\/li>\n<li>vendredi 10\/04\/2026<\/li>\n<li>vendredi 08\/05\/2026<\/li>\n<li>vendredi 29\/05\/2026<\/li>\n<li>vendredi 05\/06\/2026<\/li>\n<\/ul>\t\t\t\t\t\t\t\t<\/div>\n\t\t\t\t\t<\/div>\n\t\t\t\t<\/div>\n\t\t\t\t<\/div>\n\t\t","protected":false},"excerpt":{"rendered":"<p>Tournois Tournois de l\u2019ATT Tournoi r\u00e9serv\u00e9 aux non licenci\u00e9.e.s. RDV le 30 ao\u00fbt au stade Jean Pinot de Saint-Antoine-du-Rocher. Championnats d\u00e9partementaux Vous pouvez t\u00e9l\u00e9charger le calendrier complet en cliquant sur&nbsp;ce lien, le calendrier de la&nbsp;Phase 1&nbsp;seulement, ou celui de la&nbsp;Phase 2. Phase 1 Les journ\u00e9es de championnats d\u00e9partementaux de la [&hellip;]<\/p>\n","protected":false},"author":1,"featured_media":0,"parent":0,"menu_order":0,"comment_status":"closed","ping_status":"closed","template":"","meta":{"_themeisle_gutenberg_block_has_review":false,"_cloudinary_featured_overwrite":false,"footnotes":""},"class_list":["post-168","page","type-page","status-publish","hentry"],"yoast_head":"<!-- This site is optimized with the Yoast SEO plugin v27.2 - https:\/\/yoast.com\/product\/yoast-seo-wordpress\/ -->\n<title>Le calendrier 2025 \/ 2026 - ATT Saint Antoine du Rocher<\/title>\n<meta name=\"robots\" content=\"index, follow, max-snippet:-1, max-image-preview:large, max-video-preview:-1\" \/>\n<link rel=\"canonical\" href=\"https:\/\/attstantoine.fr\/index.php\/calendrier\/\" \/>\n<meta property=\"og:locale\" content=\"fr_FR\" \/>\n<meta property=\"og:type\" content=\"article\" \/>\n<meta property=\"og:title\" content=\"Le calendrier 2025 \/ 2026 - ATT Saint Antoine du Rocher\" \/>\n<meta property=\"og:description\" content=\"Tournois Tournois de l\u2019ATT Tournoi r\u00e9serv\u00e9 aux non licenci\u00e9.e.s. RDV le 30 ao\u00fbt au stade Jean Pinot de Saint-Antoine-du-Rocher. Championnats d\u00e9partementaux Vous pouvez t\u00e9l\u00e9charger le calendrier complet en cliquant sur&nbsp;ce lien, le calendrier de la&nbsp;Phase 1&nbsp;seulement, ou celui de la&nbsp;Phase 2. Phase 1 Les journ\u00e9es de championnats d\u00e9partementaux de la [&hellip;]\" \/>\n<meta property=\"og:url\" content=\"https:\/\/attstantoine.fr\/index.php\/calendrier\/\" \/>\n<meta property=\"og:site_name\" content=\"ATT Saint Antoine du Rocher\" \/>\n<meta property=\"article:publisher\" content=\"https:\/\/www.facebook.com\/share\/165aDDHAVj\/\" \/>\n<meta property=\"article:modified_time\" content=\"2025-08-06T06:57:15+00:00\" \/>\n<meta name=\"twitter:card\" content=\"summary_large_image\" \/>\n<meta name=\"twitter:label1\" content=\"Dur\u00e9e de lecture estim\u00e9e\" \/>\n\t<meta name=\"twitter:data1\" content=\"1 minute\" \/>\n<script type=\"application\/ld+json\" class=\"yoast-schema-graph\">{\"@context\":\"https:\/\/schema.org\",\"@graph\":[{\"@type\":\"WebPage\",\"@id\":\"https:\/\/attstantoine.fr\/index.php\/calendrier\/\",\"url\":\"https:\/\/attstantoine.fr\/index.php\/calendrier\/\",\"name\":\"Le calendrier 2025 \/ 2026 - ATT Saint Antoine du Rocher\",\"isPartOf\":{\"@id\":\"https:\/\/attstantoine.fr\/#website\"},\"datePublished\":\"2016-05-08T13:06:55+00:00\",\"dateModified\":\"2025-08-06T06:57:15+00:00\",\"breadcrumb\":{\"@id\":\"https:\/\/attstantoine.fr\/index.php\/calendrier\/#breadcrumb\"},\"inLanguage\":\"fr-FR\",\"potentialAction\":[{\"@type\":\"ReadAction\",\"target\":[\"https:\/\/attstantoine.fr\/index.php\/calendrier\/\"]}]},{\"@type\":\"BreadcrumbList\",\"@id\":\"https:\/\/attstantoine.fr\/index.php\/calendrier\/#breadcrumb\",\"itemListElement\":[{\"@type\":\"ListItem\",\"position\":1,\"name\":\"Home\",\"item\":\"https:\/\/attstantoine.fr\/\"},{\"@type\":\"ListItem\",\"position\":2,\"name\":\"Le calendrier 2025 \/ 2026\"}]},{\"@type\":\"WebSite\",\"@id\":\"https:\/\/attstantoine.fr\/#website\",\"url\":\"https:\/\/attstantoine.fr\/\",\"name\":\"ATT Saint Antoine du Rocher\",\"description\":\"Le tennis de table pour tous, au c\u0153ur de la Touraine\",\"publisher\":{\"@id\":\"https:\/\/attstantoine.fr\/#organization\"},\"potentialAction\":[{\"@type\":\"SearchAction\",\"target\":{\"@type\":\"EntryPoint\",\"urlTemplate\":\"https:\/\/attstantoine.fr\/?s={search_term_string}\"},\"query-input\":{\"@type\":\"PropertyValueSpecification\",\"valueRequired\":true,\"valueName\":\"search_term_string\"}}],\"inLanguage\":\"fr-FR\"},{\"@type\":\"Organization\",\"@id\":\"https:\/\/attstantoine.fr\/#organization\",\"name\":\"ATT Saint Antoine du Rocher\",\"url\":\"https:\/\/attstantoine.fr\/\",\"logo\":{\"@type\":\"ImageObject\",\"inLanguage\":\"fr-FR\",\"@id\":\"https:\/\/attstantoine.fr\/#\/schema\/logo\/image\/\",\"url\":\"https:\/\/attstantoine.fr\/wp-content\/uploads\/2025\/07\/logo-att2-1024x450-1.webp\",\"contentUrl\":\"https:\/\/attstantoine.fr\/wp-content\/uploads\/2025\/07\/logo-att2-1024x450-1.webp\",\"width\":1024,\"height\":450,\"caption\":\"ATT Saint Antoine du Rocher\"},\"image\":{\"@id\":\"https:\/\/attstantoine.fr\/#\/schema\/logo\/image\/\"},\"sameAs\":[\"https:\/\/www.facebook.com\/share\/165aDDHAVj\/\"]}]}<\/script>\n<!-- \/ Yoast SEO plugin. -->","yoast_head_json":{"title":"Le calendrier 2025 \/ 2026 - ATT Saint Antoine du Rocher","robots":{"index":"index","follow":"follow","max-snippet":"max-snippet:-1","max-image-preview":"max-image-preview:large","max-video-preview":"max-video-preview:-1"},"canonical":"https:\/\/attstantoine.fr\/index.php\/calendrier\/","og_locale":"fr_FR","og_type":"article","og_title":"Le calendrier 2025 \/ 2026 - ATT Saint Antoine du Rocher","og_description":"Tournois Tournois de l\u2019ATT Tournoi r\u00e9serv\u00e9 aux non licenci\u00e9.e.s. RDV le 30 ao\u00fbt au stade Jean Pinot de Saint-Antoine-du-Rocher. Championnats d\u00e9partementaux Vous pouvez t\u00e9l\u00e9charger le calendrier complet en cliquant sur&nbsp;ce lien, le calendrier de la&nbsp;Phase 1&nbsp;seulement, ou celui de la&nbsp;Phase 2. Phase 1 Les journ\u00e9es de championnats d\u00e9partementaux de la [&hellip;]","og_url":"https:\/\/attstantoine.fr\/index.php\/calendrier\/","og_site_name":"ATT Saint Antoine du Rocher","article_publisher":"https:\/\/www.facebook.com\/share\/165aDDHAVj\/","article_modified_time":"2025-08-06T06:57:15+00:00","twitter_card":"summary_large_image","twitter_misc":{"Dur\u00e9e de lecture estim\u00e9e":"1 minute"},"schema":{"@context":"https:\/\/schema.org","@graph":[{"@type":"WebPage","@id":"https:\/\/attstantoine.fr\/index.php\/calendrier\/","url":"https:\/\/attstantoine.fr\/index.php\/calendrier\/","name":"Le calendrier 2025 \/ 2026 - ATT Saint Antoine du Rocher","isPartOf":{"@id":"https:\/\/attstantoine.fr\/#website"},"datePublished":"2016-05-08T13:06:55+00:00","dateModified":"2025-08-06T06:57:15+00:00","breadcrumb":{"@id":"https:\/\/attstantoine.fr\/index.php\/calendrier\/#breadcrumb"},"inLanguage":"fr-FR","potentialAction":[{"@type":"ReadAction","target":["https:\/\/attstantoine.fr\/index.php\/calendrier\/"]}]},{"@type":"BreadcrumbList","@id":"https:\/\/attstantoine.fr\/index.php\/calendrier\/#breadcrumb","itemListElement":[{"@type":"ListItem","position":1,"name":"Home","item":"https:\/\/attstantoine.fr\/"},{"@type":"ListItem","position":2,"name":"Le calendrier 2025 \/ 2026"}]},{"@type":"WebSite","@id":"https:\/\/attstantoine.fr\/#website","url":"https:\/\/attstantoine.fr\/","name":"ATT Saint Antoine du Rocher","description":"Le tennis de table pour tous, au c\u0153ur de la Touraine","publisher":{"@id":"https:\/\/attstantoine.fr\/#organization"},"potentialAction":[{"@type":"SearchAction","target":{"@type":"EntryPoint","urlTemplate":"https:\/\/attstantoine.fr\/?s={search_term_string}"},"query-input":{"@type":"PropertyValueSpecification","valueRequired":true,"valueName":"search_term_string"}}],"inLanguage":"fr-FR"},{"@type":"Organization","@id":"https:\/\/attstantoine.fr\/#organization","name":"ATT Saint Antoine du Rocher","url":"https:\/\/attstantoine.fr\/","logo":{"@type":"ImageObject","inLanguage":"fr-FR","@id":"https:\/\/attstantoine.fr\/#\/schema\/logo\/image\/","url":"https:\/\/attstantoine.fr\/wp-content\/uploads\/2025\/07\/logo-att2-1024x450-1.webp","contentUrl":"https:\/\/attstantoine.fr\/wp-content\/uploads\/2025\/07\/logo-att2-1024x450-1.webp","width":1024,"height":450,"caption":"ATT Saint Antoine du Rocher"},"image":{"@id":"https:\/\/attstantoine.fr\/#\/schema\/logo\/image\/"},"sameAs":["https:\/\/www.facebook.com\/share\/165aDDHAVj\/"]}]}},"_links":{"self":[{"href":"https:\/\/attstantoine.fr\/index.php\/wp-json\/wp\/v2\/pages\/168","targetHints":{"allow":["GET"]}}],"collection":[{"href":"https:\/\/attstantoine.fr\/index.php\/wp-json\/wp\/v2\/pages"}],"about":[{"href":"https:\/\/attstantoine.fr\/index.php\/wp-json\/wp\/v2\/types\/page"}],"author":[{"embeddable":true,"href":"https:\/\/attstantoine.fr\/index.php\/wp-json\/wp\/v2\/users\/1"}],"replies":[{"embeddable":true,"href":"https:\/\/attstantoine.fr\/index.php\/wp-json\/wp\/v2\/comments?post=168"}],"version-history":[{"count":12,"href":"https:\/\/attstantoine.fr\/index.php\/wp-json\/wp\/v2\/pages\/168\/revisions"}],"predecessor-version":[{"id":693,"href":"https:\/\/attstantoine.fr\/index.php\/wp-json\/wp\/v2\/pages\/168\/revisions\/693"}],"wp:attachment":[{"href":"https:\/\/attstantoine.fr\/index.php\/wp-json\/wp\/v2\/media?parent=168"}],"curies":[{"name":"wp","href":"https:\/\/api.w.org\/{rel}","templated":true}]}}